100001233?
100001300
In base 12, what is -5 - -a890?
a887
In base 15, what is 1038 - -2a?
1063
In base 13, what is -110042 - -3?
-11003c
In base 14, what is -4 + -cc051?
-cc055
In base 9, what is 3 - -423186?
423200
In base 6, what is -4 - -213205?
213201
In base 6, what is -4 + 500440?
500432
In base 7, what is -12461 + 44?
-12414
In base 15, what is -225 + -34?
-259
In base 14, what is 3cbcc + 2?
3cbd0
In base 7, what is 14 + 430216?
430233
In base 16, what is 1e1 + 21?
202
In base 10, what is -76 - 142?
-218
In base 13, what is -17 - -30c?
2c5
In base 2, what is 101010 - 10111100000111?
-10111011011101
In base 3, what is -12 + 1201022?
1201010
In base 6, what is -1314 - -105?
-1205
In base 8, what is -2013655 - -1?
-2013654
In base 3, what is -11 - -21121001?
21120220
In base 12, what is 2131 - 32?
20bb
In base 8, what is -10 + -422?
-432
In base 9, what is 14 - -265232?
265246
In base 15, what is 181 - -63?
1e4
In base 4, what is -202123 + 10232?
-131231
In base 16, what is -312f + 21?
-310e
In base 13, what is 15 + -1214c?
-12137
In base 13, what is -5 + 2071b1?
2071a9
In base 5, what is 4340 + 12132?
22022
In base 2, what is -100011 - 10001010101?
-10001111000
In base 3, what is 1201121 - 2022?
1122022
In base 10, what is 26 - 1885?
-1859
In base 5, what is 0 - -22114?
22114
In base 2, what is -101010011100000 - 1?
-101010011100001
In base 3, what is 101111122012 + 0?
101111122012
In base 13, what is -123 + 256?
133
In base 16, what is 4 + -10ff8?
-10ff4
In base 3, what is 2111202 + 2211022?
12100001
In base 12, what is 37a2 + 19?
37bb
In base 11, what is -19427 + -15?
-19441
In base 14, what is b9180 - 0?
b9180
In base 6, what is 14243 - -31?
14314
In base 5, what is -233403333 - 10?
-233403343
In base 11, what is -87 - -1a108?
1a031
In base 13, what is -115507 - 1?
-115508
In base 6, what is 3 - 221412?
-221405
In base 3, what is 1 - 1112020010?
-1112020002
In base 6, what is 53 + 152245?
152342
In base 8, what is 1061666 + -2?
1061664
In base 13, what is -86 + -76?
-12c
In base 2, what is 11 - 1011001101110001?
-1011001101101110
In base 6, what is -1533 + -1254?
-3231
In base 2, what is -10001011000101 + -1011101?
-10001100100010
In base 9, what is 24 - -3767?
3802
In base 13, what is -8376 - 50?
-83c6
In base 11, what is 94000 - -4?
94004
In base 15, what is -5c - 2433?
-2490
In base 5, what is 1 + -1423432?
-1423431
In base 12, what is -36 - 1b0a9?
-1b123
In base 5, what is -4201222 - 10?
-4201232
In base 14, what is 10a + -324?
-218
In base 15, what is 1c4 + 25c?
431
In base 9, what is 686754 - 2?
686752
In base 16, what is a2b - -a9?
ad4
In base 7, what is -102601 - -5?
-102563
In base 7, what is 21524 + -1452?
20042
In base 2, what is -1011001010100100 - -100?
-1011001010100000
In base 2, what is 1110 - 11000111010001110?
-11000111010000000
In base 9, what is 1447 + 488?
2046
In base 9, what is -2642 + -1343?
-4085
In base 9, what is 52 + 4307?
4360
In base 6, what is -533 + 1512?
535
In base 8, what is 1412217 + 3?
1412222
In base 2, what is -110000 - -100111011111?
100110101111
In base 3, what is -2101211200 - 12?
-2101211212
In base 16, what is 12f - -4?
133
In base 6, what is -140 + 341221?
341041
In base 16, what is -3e + 1a9?
16b
In base 6, what is -1240500 + 10?
-1240450
In base 5, what is 442 - -2012?
3004
In base 12, what is -44 + -5?
-49
In base 6, what is -332223 + -131?
-332354
In base 8, what is 1037 + 32?
1071
In base 3, what is -11221 - -10121020?
10102022
In base 5, what is 1130332 - -12?
1130344
In base 9, what is 3036 + 20?
3056
In base 11, what is -97469 + 2?
-97467
In base 5, what is -30011410 + 10?
-30011400
In base 8, what is -20405 - 43?
-20450
In base 5, what is 101443 + 30?
102023
In base 12, what is -35 - b42?
-b77
In base 9, what is 2786 - -7?
2804
In base 4, what is 12120 - 120?
12000
In base 5, what is -40 + 230431?
230341
In base 2, what is 110000110 + -1000000011000?
-111010010010
In base 6, what is 2234230 - 0?
2234230
In base 8, what is 142 - 353?
-211
In base 10, what is 65 + 1?
66
In base 4, what is -1202 + 30021?
22213
In base 12, what is 36043 + 1?
36044
In base 3, what is 121 - 11010222?
-11010101
In base 4, what is -130011333 - 0?
-130011333
In base 2, what is 101 + 10111001100?
10111010001
In base 11, what is -32 - 13a3?
-1425
In base 15, what is -3819 + -d?
-3827
In base 6, what is 2002304 + -4?
2002300
In base 8, what is 5227 + 11?
5240
In base 10, what is 349524 + -6?
349518
In base 7, what is -1564351 - 4?
-1564355
In base 6, what is 0 - -3445513?
3445513
In base 3, what is 10 - 1101201222?
-1101201212
In base 6, what is -3014 - 1452?
-4510
In base 12, what is -9b7 - -2?
-9b5
In base 13, what is -1b53bb + 2?
-1b53b9
In base 9, what is 6 + -16618?
-16612
In base 10, what is -5 + 20088?
20083
In base 7, what is -103544 + 12?
-103532
In base 7, what is 0 + -22?
-22
In base 7, what is -116634 + -440?
-120404
In base 12, what is -12 - -6299?
6287
In base 10, what is -15782 - 29?
-15811
In base 2, what is 1101011110 - -100011?
1110000001
In base 13, what is -18 + -795?
-7b0
In base 4, what is -10 - -2022013032?
2022013022
In base 5, what is -200430 - -2?
-200423
In base 10, what is -3 - 485435?
-485438
In base 12, what is -6590 + 1?
-658b
In base 11, what is 10949 + -3?
10946
In base 9, what is -34 - 51370?
-51414
In base 9, what is 1 + -6627?
-6626
In base 16, what is -8e2 + -4a?
-92c
In base 12, what is -130826 + -1?
-130827
In base 6, what is 2424 + 54?
2522
In base 3, what is 11001100001 - -11?
11001100012
In base 6, what is -2213 - 2210?
-4423
In base 4, what is -1010303 + 1?
-1010302
In base 9, what is 1577 + 24?
1612
In base 3, what is -211020012220 - 1?
-211020012221
In base 15, what is -3da - 1da?
-5c5
In base 8, what is 41 + -2165?
-2124
In base 2, what is -1 + 11111010111011?
11111010111010
In base 16, what is -2 + 3125?
3123
In base 6, what is 4215 - -23?
4242
In base 12, what is -a9 + -b4?
-1a1
In base 11, what is -25 + -3076?
-30a0
In base 11, what is -85421 - -14?
-85408
In base 10, what is 43649 + 4?
43653
In base 6, what is 135302 - -233?
135535
In base 2, what is -1001010100010011 + 1001?
-1001010100001010
In base 9, what is 4 + 107023?
107027
In base 8, what is 105 - 324511?
-324404
In base 16, what is -69 + -90?
-f9
In base 13, what is -42c774 - 1?
-42c775
In base 8, what is 721 + 420?
1341
In base 6, what is 2025 + -540?
1045
In base 16, what is 4 - -833c?
8340
In base 5, what is 4 + -131324313?
-131324304
In base 11, what is -32 - 9a42?
-9a74
In base 8, what is -446141 - -3?
-446136
In base 2, what is 1110100 + 10010001?
100000101
In base 13, what is 68 - 15b5?
-154a
In base 16, what is b - 1788?
-177d
In base 15, what is -4510e - -3?
-4510b
In base 9, what is -1 + 247411?
247410
In base 16, what is -5103 - -4?
-50ff
In base 5, what is -32 - -3111?
3024
In base 15, what is -3d - 4d0c?
-4d4a
In base 8, what is 5 + -775701?
-775674
In base 3, what is -101001011 - 1101?
-101002112
In base 9, what is 5 - 6404?
-6388
In base 8, what is 63031 + 102?
63133
In base 3, what is -10120000 - -202220?
-2210010
In base 3, what is -21212 - -2202?
-12010
In base 3, what is -210 + -1212001?
-1212211
In base 4, what is 11 - -11301200303?
11301200320
In base 15, what is -4 + -a2ed8?
-a2edc
In base 8, what is -473 + 47?
-424
In base 11, what is 108 - -3a04?
4011
In base 9, what is 106 + -4460?
-4353
In base 16, what is -122 - eab?
-fcd
In base 16, what is 1 + 5131?
5132
In base 15, what is b0 - -734?
7e4
In base 7, what is 2354 - 1330?
1024
In base 5, what is -32 + -40433?
-41020
In base 3, what is 22 - -1020001?
1020100
In base 16, what is 2f1 + -4?
2ed
In base 11, what is 134600 + 4?
134604
In base 9, what is 1133722 - -2?
1133724
In base 15, what is 29249c + -1?
29249b
In base 6, what is 22 - 251520?
-251454
In base 15, what is 4e - -88b?
8da
In base 9, what is 3 - 2573211?
-2573207
In base 14, what is 0 + -47817?
-47817
In base 10, what is 640153 + 1?
640154
In base 9, what is 248145 + -45?
248100
In base 10, what is -106 - -577?
471
In base 9, what is 684 - 34?
650
In base 11, what is -11a80 + -7a?
-1204a
In base 10, what is -549970 - -3?
-549967
In base 5, what is 3 - -4033131?
4033134
In base 9, what is -71 + -885?
-1066
In base 7, what is -3 + -153613?
-153616
In base 3, what i